-6*i. Let n be 1/(-2) + i/(-6). Give v(n).
-1
Let u(i) = -i**3 + 5*i**2 + 8*i - 7. Suppose 65 = -6*j + 19*j. Suppose 4*w + 4 = 4*p, 0*p - 2*p = 0. Let k = j - w. Determine u(k).
5
Let d(z) = -2*z**2 - 2*z - 1. Let g be 12/78 - (-3 + (-4)/(-26)). Determine d(g).
-25
Let b(w) = -w**3 - 11*w**2 + 4*w + 148. Let i be b(-10). Let c(o) = -o**3 + 8*o**2 + 2*o - 12. Give c(i).
4
Let j(r) = r**2 - 20*r + 34. Let v be (18*1)/((-1)/(-6 - -5)). Give j(v).
-2
Let s(u) = u**2 - 4*u + 4. Let f be s(3). Let a(t) be the third derivative of 0*t**3 + 0*t + 0 + 0*t**4 + 1/60*t**5 + 4*t**2. Determine a(f).
1
Suppose 0 = 3*g + 2*g - 25. Suppose -g*l = -2*q - 14, -3*l - l + 12 = -2*q. Let o(u) = -6*u. Give o(q).
12
Let g(p) = p**3 + 8*p**2 + p + 10. Let z be g(-8). Let o(t) = -1 - 2*t**2 + 2*t**2 - 3 + 2*t**z + 3*t. What is o(-3)?
5
Let l(p) be the first derivative of p**4/4 - 10*p**3/3 + 9*p**2/2 - 9*p - 89. Give l(9).
-9
Let m be 3/(4/72*3). Suppose m = 8*s - 5*s. Let n(o) = s*o - 2*o - 7*o + o**2. Calculate n(4).
4
Suppose 2*m + 2 = 0, 0*g + 5*m - 67 = -3*g. Suppose 0 = t + t + g. Let l be (t/7)/(4/(-14)). Let p(o) = -2*o + 5. Determine p(l).
-7
Suppose -3*z - 93 = -g, 4*g - 3 = 3*g. Let i = 30 + z. Suppose i = -3*q + 8 - 14. Let u(d) = -5*d**2 - 2*d. Give u(q).
-16
Let f = -71 + 67. Let b be f/14 - ((-26)/(-7) - 0). Let d(m) = -m - 9. Give d(b).
-5
Let u(n) = 0*n + 33*n**3 + 5 - 34*n**3 - 3*n**2 + 7*n. Determine u(-5).
20
Let w(r) = 3*r**2 - 16*r**3 + 37 + 17*r**3 - 35. Determine w(-3).
2
Let h(q) = -q**2 + 10*q - 13. Let b be h(6). Let a(g) = -2*g**2 + g**2 + 2*g - b*g + 3 + 4*g. Determine a(-7).
-11
Let s(f) = -f + 68*f**3 - 67*f**3 + 0*f**2 + 3*f**2 + 0*f**2 - 3. Let u = -40 - -60. Suppose -u = -5*q, -6*y + 3*q - 28 = -2*y. What is s(y)?
-15
Suppose -5*s - 4*o + 29 = 0, 9*s - o = 13*s - 21. Let b(m) be the third derivative of m**5/60 - m**4/12 - 5*m**3/6 + 15*m**2. Calculate b(s).
10
Let y(u) = -u - 3. Let w(a) = -7*a**2 + a + 4. Let v(q) = w(q) + y(q). Suppose -4*j + 17 + 8 = -5*f, 0 = 3*j + 4*f + 20. Suppose j = l + 1 - 0. What is v(l)?
-6
Let l(m) = -m**2 + 5*m + 3. Suppose -3*p = -9*p. Suppose p = -4*x + 3*t + 24, 4*t - 18 = -5*x + 2*x. What is l(x)?
-3
Let c(n) be the first derivative of -n**3/3 - 9*n**2/2 - 9*n + 375. Determine c(-9).
-9
Let k(r) = -2*r**2 + 52*r - 51. Suppose -4*d - 3*z + 112 = 0, -z + 0 - 121 = -5*d. What is k(d)?
-1
Let o(w) = -w**3 - 2*w**2 - 2*w + 4. Let m(l) = l**2 + 16*l + 60. Let y be m(-7). Determine o(y).
19
Let f(i) = -22*i + 22*i - i**2 + 3. Let l be f(0). Suppose 0 = -2*h - 3*j - 8, -l*h = -0*h + 3*j + 6. Let b(r) = 2*r - 3. Give b(h).
1
Let d(n) = n - 19. Suppose 64 = -8*i + 192. Calculate d(i).
-3
Let d = 6905 - 6915. Let q(v) be the first derivative of -v**3/3 - 6*v**2 - 14*v - 1. Give q(d).
6
Let v(l) = -2 - 4*l**2 - 10*l + 9*l - 1 + 4 + 2*l**3. Give v(3).
16
Let r = -567 - -557. Let f(b) = -2*b - 31. What is f(r)?
-11
Let r = -13 + 10. Let d(c) = -c**3 - 4*c**2 - 3*c + 3. Let p be d(r). Let t(m) = 3*m + 7. Let i(g) = -5*g - 14. Let f(u) = 4*i(u) + 7*t(u). What is f(p)?
-4
Suppose 4*n - 139 = -3*c, 2*c - 5*n - 40 = c. Let o(r) = -21 + c*r + 17 - 44*r. What is o(5)?
1
Let d(n) = -3*n - 5. Let m be d(-5). Let i be (-8)/7*56/(-16). Suppose -12 = -i*x + m*x. Let w(b) = 2*b - 2. Determine w(x).
-6
Suppose 0 = -13*v + 24 + 2. Let z(f) = -7*f. Calculate z(v).
-14
Let s(z) be the first derivative of -z - 13/2*z**2 - 3. Suppose -11*b + 15*b - 4 = 0. What is s(b)?
-14
Let n(o) = -3*o - 1. Let l(u) = -22*u - 5. Let m(r) = 2*l(r) - 14*n(r). Calculate m(0).
4
Suppose 0 = -62*i + 63*i - 1. Let a(v) = -16*v**2. What is a(i)?
-16
Let w(h) = -6*h + 4. Let u be -1*2/6*-15. Calculate w(u).
-26
Let w(c) = 2*c**3 + 3*c**2 + 5*c + 1. Let r(g) = 5*g**3 + 5*g**2 + 9*g + 2. Let t(n) = 4*r(n) - 7*w(n). Determine t(-1).
-7
Let w(p) = -134*p**2 + 0*p + 0*p + 2 + 129*p**2. What is w(2)?
-18
Let m(l) = l**2 - 10*l + 17. Let b be (1 - 3)*(-69)/46. Determine m(b).
-4
Let a(t) = -5*t + 4 - 2*t + 5*t + t + t**2. Let b(r) = r**3 + 4*r**2 - 4*r + 7. Let o be b(-5). Suppose 5*p = 3*p - 3*q - 3, 4*p - o*q - 18 = 0. What is a(p)?
10
Let m(x) = 10*x - 8. Let k(s) = -10*s + 7. Let f(n) = -5*k(n) - 4*m(n). Let h be ((8/(-15))/4)/(72/(-1080)). Calculate f(h).
17
Let j be 1*-3 + (-2)/(-2). Let q(p) = -21*p - 11. Let w(y) = 4*y + 2. Let r(a) = q(a) + 6*w(a). What is r(j)?
-5
Let b(l) = 48*l - 133. Let t be b(3). Let f(z) = -3*z + 37. What is f(t)?
4
Suppose -3*y - 2*p + 6 = -24, 4*p = -12. Let w = 1 - -1. Let s(k) = -3 + 10*k - y*k - 3*k**w - 2*k**2 - k**3. What is s(-5)?
7
Let d = 255 + -261. Let j(a) = -a - 13. Calculate j(d).
-7
Let q be (-17)/(-5) + 2/(-5). Suppose -k + 2*k = 5*k. Let o(g) = 1 - q*g - g + 5*g + k. Give o(0).
1
Let k(r) = -r**2 - 4*r + 12. Suppose 4*v = 16, 4*n + 40 = 2*v + 2*v. Determine k(n).
0
Let g(m) = 43 - m**2 + m - 9*m + 7*m + 2*m + m**3. Determine g(0).
43
Let x(o) = -82 - 5*o**2 + 67 + 19 - 14*o. Calculate x(-3).
1
Let i(b) be the third derivative of b**8/20160 - b**7/630 - b**6/90 - b**5/5 - 2*b**2. Let a(f) be the third derivative of i(f). What is a(9)?
1
Let z(r) = -3*r - 2. Let j(y) = y**3 + 4*y**2 + 5*y + 5. Let u be j(-2). Give z(u).
-11
Let a = 77 + -71. Let u(w) = 5*w + 6*w - 14*w - a. What is u(-4)?
6
Let k(t) = 2*t - 9. Let p(c) = -c - 17. Let w be p(-14). Let i be 1/w + (-88)/(-12). Determine k(i).
5
Let x(d) = d**2 - 46*d - 101. Let m be x(48). Let s(a) = -a**2 - 7*a + 1. Calculate s(m).
11
Let y(r) be the second derivative of r**5/4 + r**4/6 + r**3/6 - 5*r**2/2 + 19*r. Let v(q) = 11*q**3 + 5*q**2 + 3*q - 11. Let z(h) = -4*v(h) + 9*y(h). Give z(3).
-1
Let k(o) = o**3 + 9*o**2 + 8*o + 5. Let r be k(-6). Let q(a) = r*a + 67*a - 128*a. Determine q(1).
4
Suppose -3*k - 2*c = -0 - 5, -k + 25 = -4*c. Let g(w) = k*w + 3*w**3 + 2*w**2 - 4 - 2*w**3 + 0*w**3 - 2*w**3. Calculate g(3).
2
Suppose -3*r + 12 = -5*k + 3, 4*r + k - 12 = 0. Let t(q) = 5*q**2 + q**r - 17 - 10*q + 20 + 4*q**2. What is t(-10)?
3
Let f(x) = x**3 + 9*x**2 - x - 13. Let q be f(-9). Let j(n) = 4*n**2 - 9*n. Let r(m) = -m**2 + m - 1. Let a(y) = j(y) + 5*r(y). Give a(q).
-5
Let b(l) = 2*l + 12. Let n(t) be the first derivative of -3*t**2/2 - 12*t - 16. Let z(u) = -4*b(u) - 3*n(u). Determine z(10).
-2
Let s(b) = b**2 - 23*b - 2221. Let c be s(-37). Let m(k) be the third derivative of 5*k**4/12 + k**3/6 + k**2. Calculate m(c).
-9
Let r(q) = -q**3 - 10*q**2 - 11*q - 10. Let a = 884 - 893. Calculate r(a).
8
Let w(f) = f - 7 + 1 + 0 - 3 + 3. Give w(9).
3
Let n(o) = -4 + 0*o + 2 + o. Let g be n(6). Suppose 3*j - 28 = -5*h, -h = g*h - 4*j - 21. Let b(z) = -z**2 + 7*z - 5. Give b(h).
5
Let m(g) = -5 - 39*g - 109*g**2 + 108*g**2 + 39*g. What is m(0)?
-5
Let u(n) = 48 - 7*n - 93 + 42. Give u(-3).
18
Let s = 23 - 3. Let o = s + -17. Let p(x) = 3 + o*x + 0*x - 2*x - 5. Give p(-6).
-8
Let x(m) = -m**3 - 7*m**2 - 8*m - 5. Let f be (-4)/(-1) + (-10)/1 + 8. Suppose -f*y + 14 = d + 2*y, 0 = -5*y + 25. Give x(d).
7
Let s = -299 - -297. Let x(p) = -6*p**2 - p - 1. Give x(s).
-23
Let m(l) = -3*l**3 - 12*l**2 + 10*l - 20. Let g(x) = -4*x**3 - 13*x**2 + 10*x - 22. Let b(y) = 4*g(y) - 5*m(y). Give b(7).
-9
Let l be ((-12)/18)/(4/6). Let q(a) = 11*a**3 + a + 1. Give q(l).
-11
Suppose -8 = -7*i - 1. Let k = 5 + i. Let x(m) = 14 - k - 5 - m - 6. Give x(6).
-9
Let s(o) be the second derivative of -2/3*o**3 + 1/20*o**5 + 0 + 1/12*o**4 + 1/2*o**2 + 22*o. Suppose -3*p - 3*i - 9 = 0, i - 2*i = 0. What is s(p)?
-5
Let u(g) = -g**2 + 7*g - 4. Let r(s) = -s**2 - 9*s + 1. Let q be r(-9). Let l be (-2)/q - (-1 + -1). Suppose l = -x + 9 - 4. Calculate u(x).
6
Let j(a) = -a**3 + 4*a**2 + 3*a + 5. Let l be j(5). Let b(r) = -r**3 - 5*r**2 - r - 5. Give b(l).
0
Suppose -h = 1, -h = -u + 2*u - 2. Let t(f) be the first derivative of -f**2/2 + f + 3. Give t(u).
-2
Let k = 159 - 91. Suppose -3*m - k = -14. Let i = m + 22. Let s(y) = -2*y**2 + 5*y + 4. Calculate s(i).
-8
Let f be (-3 - 2 - -1) + 1. Let q(h) = 2*h**2 + 2*h + 1. Calculate q(f).
13
Suppose 0 = -8*c - 31 + 39. Let w(i) = -9*i**3 - 2*i**2 + 2*i - 1. Give w(c).
-10
Let d(j) = j**3 + j - 7. Let m be ((-6)/(-24) + 2/(-8))*1. Suppose -t = -4*p - m*p, 0 = 4*t + 2*p. Calculate d(t).
-7
Let b(x) be the third derivative of -x**5/60 + x**4/8 + x**3/6 + 